 = j + 8. Suppose -1 = j*c - 9. Give u(c).
0
Let n(s) be the first derivative of -s**3/3 - 5*s**2/2 + s + 1. Determine n(-3).
7
Let z(d) = d**2 + 10*d - 8. Let f be -1*-33*(-4)/12. Determine z(f).
3
Let h(c) = -c**2 + c. Let z = 3 + -2. Suppose z = -t + 2. Calculate h(t).
0
Let n(z) = 3*z + 8. Let c be n(-5). Let w(p) = -p - 6. Determine w(c).
1
Let q(h) be the second derivative of -h**3/6 + 4*h. Let a be q(-3). Let n(k) = 3*k**3 - 4 + 3*k**3 + 6*k**2 - k**3 + 4*k - 4*k**a. Calculate n(-4).
12
Let t(j) = 7*j - 1. Suppose 3*y - 3*z - 5 = -z, 0 = -5*y - z + 4. Give t(y).
6
Let v(r) = r**3 + 4*r**2 - r + 3. Let o(q) be the second derivative of -q**4/12 - 5*q**3/6 + 5*q**2 + q. Let c be o(-7). Determine v(c).
7
Let l(o) = 3*o + 6*o - o**2 - 11*o. Give l(2).
-8
Let k(l) = 5 + 5*l**2 - 7*l**2 + 3*l**2. Give k(0).
5
Let l(n) = 2*n. Suppose 2*h - 5 = 5, 0 = 5*w + h - 20. Calculate l(w).
6
Let i be (-1)/(-2)*(6 + -8). Let a be (i - (-2)/1)*-2. Let c(w) = -w**3 + 3*w**2 - 3*w - 2. Let y(v) = -v**2 + v. Let j(b) = -c(b) - 4*y(b). Give j(a).
0
Let x(l) = 2*l - 4. Let v(u) = -u**2 + 6*u + 4. Let t be v(7). Calculate x(t).
-10
Let c(d) = -3*d**2 - 8*d + 5. Let g(i) = 4*i**2 + 9*i - 5. Let f(r) = -3*c(r) - 2*g(r). Give f(-6).
-5
Let t(j) = j**3 - 3*j**2 - j - 6. Let b(a) = 2*a**3 - 5*a**2 - 2*a - 13. Let m(c) = -4*b(c) + 7*t(c). Let w be (0/(-1))/(-2 - -1). Give m(w).
10
Let p(f) = f**3 + 4*f**2 - f. Let s be 7 - (1 + -1) - 1. Let u(q) = 3 + 6*q - 7*q - 1. Let d be u(s). Give p(d).
4
Let j be (-2)/3 - 2/6. Let w(l) be the third derivative of l**6/30 - l**5/30 - l**4/12 - l**3/6 - 21*l**2. Determine w(j).
-5
Let b(w) = -22 - 8*w + w + 0*w + 6*w**2 + w**3 + 12. Calculate b(-7).
-10
Let m(b) be the second derivative of 0 - 8*b + b**2 + 1/3*b**3. Calculate m(-3).
-4
Let u(y) be the first derivative of y**3/3 - 2*y**2 - y - 1. Suppose -5*o = -3*o. Let p = 5 + o. Give u(p).
4
Let y(b) = -b + 4. Suppose -6*d = -13 - 11. Determine y(d).
0
Let w be (-2 - -2) + -4 + 0. Let h(d) = -d + 1. Let i(b) = -b**2 - 10*b - 1. Let m(g) = -5*h(g) + i(g). Give m(w).
-2
Let c(v) be the second derivative of v**3/6 - v**2 - 2*v. Let o(u) = 4*u - 5. Let a be o(2). Determine c(a).
1
Let i(b) = -b**3 + b**2 - 4*b - 22. Let y(p) = -2*p**3 + 2*p**2 - 9*p - 45. Let h(d) = 9*i(d) - 4*y(d). Determine h(0).
-18
Let y be 3*(0/1 + -1). Let d(u) be the first derivative of -u**2/2 + 7. Let b be d(y). Let m(v) = -3*v + 4. Give m(b).
-5
Let h(x) = -2*x + 3. Let a be (2 - (0 - -2))/1. Suppose -4*z - 35 = -f - 14, a = 4*z + 16. Give h(f).
-7
Let c(q) = 17*q**2 + 6*q - 6. Let w(f) = -18*f**2 - 7*f + 7. Let d(a) = 7*c(a) + 6*w(a). Give d(1).
11
Let n(v) be the third derivative of -1/6*v**5 + 3*v**2 + 0*v**4 + 0*v + 0 + 1/6*v**3. Determine n(-1).
-9
Let a(t) = 12*t**2 - 1. Let c(v) = -v**2 + 4*v - 1. Let n be c(4). Let g be (3 + n)*18/12. Suppose -g*q + 1 + 2 = 0. Calculate a(q).
11
Suppose -2*i = -3*g + 1 + 10, 5*i + 3*g - 4 = 0. Let o be -2*i/(-1)*-1. Let b(k) = k**2 - 2*k + 1. What is b(o)?
1
Let t(b) = -b**2 - b + 1. Suppose -11*v = -14*v + 6. What is t(v)?
-5
Suppose 0 = 4*l + 14 + 14. Let b(o) = o**2 + 6*o + 10. Give b(l).
17
Suppose 2*c = -c. Let t be -1*(c - -1)*-1. Let h(i) = -3*i**3 - 2*i + 1. Determine h(t).
-4
Let n(p) = 4*p + 13. Let x(c) = -1 - 2*c + 16 + 9*c + 10. Let r(k) = 5*n(k) - 3*x(k). Calculate r(-7).
-3
Suppose 3 = -4*m + m. Let i(x) = -20*x. Determine i(m).
20
Let y be (5 - 1)*(-2)/(-1). Let w(o) = o**2 - 3*o + y*o - 10 + 3. Determine w(-6).
-1
Let t(c) be the third derivative of -c**9/60480 - c**8/4032 + c**6/360 + c**5/20 + 3*c**2. Let b(m) be the third derivative of t(m). Give b(-4).
-14
Let u(d) = -d**2 + 2. Let t(x) be the third derivative of -x**4/24 + 2*x**2. Let o(c) = -2*t(c) + u(c). Determine o(-2).
-6
Let z(k) = -k**3 + k**2 + 3*k - 1. Suppose 2*y + r - 4 = -y, 4*y + 5*r + 13 = 0. Give z(y).
-10
Let y(l) = l**3 - 4*l**2 - 6*l - 1. Let h = 1 + 1. Suppose -3 = -5*f + h. Let v be f/5 + (-72)/(-15). What is y(v)?
-6
Let i(b) = 11 + 6*b**2 - 7*b**2 - 2*b - 8. Determine i(3).
-12
Let d(u) = 2*u**2 - u + 1. Let n = -14 + 16. Suppose -o + 5*q = o + 18, n*q - 5 = 3*o. Give d(o).
2
Suppose 28 + 8 = 2*j. Suppose -j = s - 4*k, 9 = 5*s - k + 23. Let g(z) = -2*z - 2. Give g(s).
2
Let v(b) be the first derivative of b**3/3 + 36. Give v(3).
9
Let k(d) = 7*d - 3. Let q = -33 + 37. Calculate k(q).
25
Let w(p) = 2 + p + p**2 - 3*p**2 + p**2 - 1. Calculate w(0).
1
Suppose 2*j - 6 = -2. Let a(x) = -x + 7*x**2 - x - 1 + 0*x - 4*x**2 - x**3. Give a(j).
-1
Let c(u) be the second derivative of u**3/3 - u**2/2 - u. Calculate c(-2).
-5
Let y(a) be the second derivative of 1/6*a**3 + 2*a + 5/2*a**2 + 0. Determine y(-5).
0
Let u(t) = -64*t**3 - t**2 + t + 1. Let w be u(-1). Let p = w - 119. Let z be p/(-26) + 4/(-26). Let d(q) = q - 2. Determine d(z).
0
Let v(i) = -3*i - 1. Let l = -1 - 1. Let p(m) = -m - 1. Let o(u) = l*p(u) + v(u). Let h = -2 - 1. Determine o(h).
4
Let p(a) be the second derivative of -a**5/20 - 5*a**4/12 + a**3 - a**2/2 + 13*a. Determine p(-6).
-1
Let i(l) = -l**3 + 2*l**2 - 3*l + 2. Suppose -13*u = -6*u - 14. What is i(u)?
-4
Let t(r) = -1 + 6*r**2 + 2 - 2*r**2 - 5*r**2. Determine t(1).
0
Let o(h) = -h**3 - 4*h**2 - 3*h + 2. Suppose 4 - 32 = 2*r - 3*w, 3*r + 12 = -3*w. Let l = -3 - r. Suppose l*v + 17 = 2. Give o(v).
2
Let h(j) = j**2 + 9*j + 8. Suppose 3*c - 3*m = -21, -m = -c - 6*m - 7. Let f be h(c). Let x(g) = g**3 + 5*g**2 - 6*g - 5. Determine x(f).
-5
Let s(j) = j**2 + 7*j + 7. Let u(v) = -v**2 + 13*v - 47. Let g be u(8). Determine s(g).
7
Let f(i) = -2*i**2 + i - 2. Let v(n) = -n**2 - 2. Let w(b) = 3*f(b) - 4*v(b). Give w(-2).
-12
Let d(t) = -t + 1. Let h be (-1 - -2)/((-5)/(-25)). What is d(h)?
-4
Suppose 3*i - 30 = -42. Let z(c) = c**2 + 2*c + 6. Calculate z(i).
14
Let m = 10 + -12. Let n(k) = 4 + 3 - 4 + 3*k - 1. Give n(m).
-4
Let f = 397/262 + -2/131. Let i(d) be the second derivative of 0*d**2 - f*d**3 + 0 - 4*d. Give i(1).
-9
Suppose 33 = 5*w + 3. Let j(n) = -n**3 + 7*n**2 - 4*n - 5. Give j(w).
7
Let i(v) = -2*v - 8. Let l be i(-8). Let j = 13 - l. Let f(b) = -b**3 + 4*b**2 + 3*b + 6. What is f(j)?
-4
Let w(s) = 4*s + 1. Let z(y) = -y. Let g(p) = -w(p) - 5*z(p). Let v = -6 + 10. Let r be (-1)/v - (-7)/(-4). Give g(r).
-3
Let o(m) = 3*m**2 - 2*m - 1. Let q(v) = v**2 - v. Let w(z) = -o(z) + 2*q(z). Calculate w(-4).
-15
Let d(a) be the second derivative of a**5/20 - a**4/6 - a**3/6 - a**2/2 + 5*a. Suppose -m - 4 = 3*m. Let h be m/(-4) - 28/(-16). Give d(h).
-3
Let n(m) = -m**3 + 11*m**2 - 2*m + 16. Let u be n(11). Let o be 5/15 + 38/u. Let h(c) = c**3 + 5*c**2 - 5*c. Determine h(o).
-6
Let z be ((-2)/6)/((-1)/(-6)). Let w = z + -1. Let u(c) = c**3 + 3*c**2 - c + 2. Give u(w).
5
Let d(r) = r**3 - r**2 - r + 10. Let c = -3 - -3. Suppose c = 3*b - 0*b. What is d(b)?
10
Let k(i) = -1 + 0 + 3*i**2 + 5*i - 1 - i**3. Let z = 2 + 2. Calculate k(z).
2
Suppose 3*s = -2*s + 20. Let f(h) be the second derivative of h**4/8 - 5*h**3/6 - h**2 + h. Let b(y) be the first derivative of f(y). Calculate b(s).
7
Let i(k) be the second derivative of -2*k**2 - 1/12*k**4 + 0 + 7/6*k**3 - 3*k. What is i(5)?
6
Let y(m) = -m**2 - m + 1. Let s be y(0). Let q = 7 - s. Let t(j) = -j**3 + 7*j**2 - 8*j - 1. Give t(q).
-13
Let j(q) = 3*q**2 + 3*q - 4. Let v(x) = -4*x**2 - 3*x + 3. Let y(g) = -3*j(g) - 2*v(g). Determine y(-5).
-4
Let f(p) = 3*p - 3. Let w be f(9). Let i be w/14 - 4/(-14). Let y(t) = t - 3 + 3 + 3*t**i + 0*t**2 - 1. Give y(1).
3
Suppose -4*x + 6 = -18. Let a be ((-2)/x)/(4/(-12)). Let f(t) be the second derivative of t**3/6 - t**2/2 + 3*t. What is f(a)?
0
Let f(q) be the first derivative of -q**6/120 + q**5/30 + q**4/12 - 2*q**3/3 - 3*q**2/2 + 4. Let x(c) be the second derivative of f(c). Determine x(3).
-7
Let b(g) = g**2 + 9*g. Let r be b(-9). Let j(z) = z**3 + z**2 - 2. What is j(r)?
-2
Let q be (-39)/15 - (-6)/(-15). Let d be 57/21 + (-8)/(-28). Let r(p) = -d*p - p - p**2 + 0*p**2 + 0*p. What is r(q)?
3
Let n = -4 + 5. Let j be n/((-2 + 1)*-1). Let p(h) = -h**2 + h - j + 0*h - 6*h. Give p(-5).
-1
Suppose 0 = -2*c + 7 - 11. Let o(l) = -l**3 - 2*l**2 + 3*l + 3. Determine o(c).
-3
Let v(m) = -m**3 - 8*m**2 + 9*m + 6. Let r(q) = -2*q**2 - 5*q + 3. Let z be r(-4). Give v(z).
6
Let